 be the second derivative of a**2 - 1/6*a**3 + 0 - 10*a. Give w(6).
-4
Let r be (6 - (-1 - -3))*1. Suppose -r*v - 15 = v. Let y(t) = 4*t - 4*t**2 + 1 + 2*t + 5*t**2. Calculate y(v).
-8
Suppose -10 = -4*p - 30. Let l(k) = k**2 + 4*k + 3. Give l(p).
8
Let z(y) = -y - 9. Let x(c) = -c - 6. Let j be x(0). Let m = j + 0. What is z(m)?
-3
Suppose -5*z + 9 = -16. Let a(r) = r**3 - 3 - 3 + z - r**2 - 2. Determine a(0).
-3
Let i(o) = 7*o - 5. Suppose -30 = 4*b + b. Let m(s) = 8*s - 6. Let q(l) = b*i(l) + 5*m(l). Calculate q(4).
-8
Let m(h) = 5*h - 6*h - 1 + 2*h + 4. Calculate m(-6).
-3
Suppose 0 = d + 1 - 2. Let o(q) = 14*q**2 - 3*q + 2. Let i(k) = 14*k**2 - 4*k + 3. Let u(g) = 2*i(g) - 3*o(g). Give u(d).
-13
Let z(p) = -p + 8. Let n(o) = 1. Suppose 3 = j + 4. Let v(t) = j*z(t) + 4*n(t). What is v(4)?
0
Let h(j) = -5*j**3 + j**2 + j + 6. Let g(k) = 1. Let l(w) = 6*g(w) - h(w). Calculate l(-1).
-5
Let h = 25 - 16. Let x = 13 - h. Let c(a) = -2*a**3 - 2*a**2 + 2*a + 3. Let y(b) = -4*b**3 - 4*b**2 + 4*b + 6. Let d(g) = x*y(g) - 9*c(g). What is d(-2)?
-7
Let k = -607 + 602. Let u(z) be the second derivative of z**4/12 + 2*z**3/3 - 3*z**2/2 - z. Determine u(k).
2
Let i(g) = -7*g**2 - 5*g + 8. Let b(h) = 6*h**2 + 4*h - 7. Let o(x) = 6*b(x) + 5*i(x). Determine o(2).
0
Let g = 10 - 14. Let j(s) be the third derivative of s**4/24 + s**3/6 + 8*s**2. Calculate j(g).
-3
Suppose 3*v + 1 = q, 5*q + v + 14 = -3*v. Let t(s) be the second derivative of s**5/10 + s**4/4 + s**3/6 + s**2 + 2*s. Give t(q).
-4
Let w be 5 + (1 - 3) + 2. Let h(v) be the second derivative of v**3/3 + 2*v**2 - 3*v. Let b(q) = -q - 2. Let c(g) = 5*b(g) + 3*h(g). Calculate c(w).
7
Suppose 0*f = 2*f - 4. Let x(j) = 0*j**3 + 2*j - j**3 + 3*j**2 + f*j**3 - 1. Determine x(-2).
-1
Suppose 0 = 4*c + b - 1, c - 2 = -2*b - 0*b. Suppose c = -i - i. Let j(p) = -2 + 3*p + i*p - p. Give j(4).
6
Let g(l) = l + 4. Let i be g(-3). Suppose 0 = 4*m - 3*m - 3. Let t(a) = -2*a**2 + 6*a**3 + a**2 + 0*a**m + a. What is t(i)?
6
Let n = 14 + -10. Let k = n - 8. Let c(h) = -h**3 - 5*h**2 - 5*h + 1. What is c(k)?
5
Suppose 2*k - 3*k = -3. Let o(f) = f**3 + f**2. Let h be o(-1). Suppose h = k*z + 4*x + 29, 23 = -z - 2*x - 2*x. Let t(w) = w**2 + 6*w + 2. Calculate t(z).
-7
Let y(x) = x**3 + 3*x**2 + 2*x + 1. Suppose -4*r - 3 = 9. Give y(r).
-5
Let v(o) = -o**3 - 6*o**2 - 8*o - 8. Let d be v(-5). Suppose 6*p - d*p - 3 = 0. Let r(k) = -k - 3. Give r(p).
0
Let c(u) = -u**2 + 5. Suppose 4 + 5 = 3*a. Let p = a - 3. Suppose 0 = -p*d - 2*d. What is c(d)?
5
Let r be 18/30 + (-4)/(-10). Let w(d) = -2*d - 3. Let s(h) = -h. Let g(t) = r*w(t) + 3*s(t). Calculate g(-2).
7
Let b(q) be the first derivative of q**3/3 - q**2 + 2*q - 4. Suppose -h + 7 - 4 = 0. Determine b(h).
5
Let f(n) = -n**3 - 7*n**2 - 5*n - 4. Let d = -8 - -12. Suppose -r + d*r + 18 = 0. Determine f(r).
-10
Let g(w) = -w - 1. Let l(j) = j**3 - 8*j**2 + 8*j - 3. Let z be l(7). Suppose -2*i = 5*t - 17 + 3, -z*t = -i - 6. Give g(i).
-3
Let n(r) be the third derivative of r**6/120 - r**5/15 - r**4/6 - 2*r**3/3 + 9*r**2. Give n(5).
1
Suppose 0 = -3*w, 3*w + 8 = -3*j + 2. Let o(p) = -p**3 - 2*p**2 + p. Determine o(j).
-2
Suppose -x + 2 = -j - 3*j, -3*j + 16 = x. Let t(z) = -7 - x + 8 + 2*z. Determine t(6).
3
Let w be 3 + -3 + 6 - 2. Suppose -5*j + w = -3*j. Let n(m) = 2*m**2 - 2*m + 2. Give n(j).
6
Let n(l) = -3*l - 1. Let r(c) = -2*c. Let a be r(-1). Suppose m - a = -0. What is n(m)?
-7
Let w(q) = -q**2 - 7*q - 3. Suppose 4*s - 5*n + 26 = 0, -3 = -3*s - 3*n - 9. What is w(s)?
9
Let w = -15 - -15. Let b be (-3 + -2)*(1 + w). Let i(o) = 4*o**2 - 5*o - 8. Let y(f) = 5*f**2 - 5*f - 9. Let q(z) = -6*i(z) + 5*y(z). What is q(b)?
3
Let u(g) be the third derivative of g**4/24 - g**3/3 - 3*g**2. Suppose -2*n = -4*m + 30, -5*n - 35 = -0*n - 2*m. Calculate u(n).
-7
Let q = 8 - 4. Let i = 4 + -4. Let d(o) = -1 + i*o - o**2 - 2*o**2 - 4*o + 0*o + o**3. Give d(q).
-1
Let f(w) = 5 + 0 - w**3 + 9*w + 0*w**3 + 8*w**2 - 1. Determine f(9).
4
Let k(h) = 2*h + 4. Let l = 16 - 21. What is k(l)?
-6
Let q(t) = 5*t**2 + t. Let d(r) = 4*r**2 - 1. Let h(g) = -6*d(g) + 5*q(g). Let b = -60 - -55. What is h(b)?
6
Let x(m) = 2 - 7 + 2 - 6*m + 6 + m**2. Determine x(4).
-5
Let s be (24/10)/(7/(-70)*2). Let u(a) = a**2 + 10*a - 16. Calculate u(s).
8
Let x(t) = t**2 + t**2 - 2*t**2 - t**2 - 6 - t. Determine x(0).
-6
Suppose -4*z - 1 = 3*a, 0 = -2*z - 4*a + 2. Let r(q) = -15*q**3 - q**2 + q + 1. What is r(z)?
14
Let f be (16/(-8))/(4/10). Let w(g) = -5*g + 4. Let u(a) = -3 + 4 - 3*a + 2. Let t(p) = -8*u(p) + 5*w(p). Calculate t(f).
1
Suppose 0 = 5*t - 1 - 4. Let v = 3 - t. Let h(l) = 7*l**2 - 8*l + v*l + 6*l. What is h(1)?
7
Suppose -2*h + 6 = 4*z, 2*h - h = 3*z - 2. Let b(p) = 8*p + 1. What is b(h)?
9
Let p(f) = -f**3 + 13*f**2 + 6. Suppose -4*b + 5*h - 64 = -7*b, 0 = 4*h - 20. What is p(b)?
6
Suppose -8 + 0 = -g. Let h(o) = -2*o**3 - 6*o**2 + 6*o - 9. Let q(k) = -3*k**3 - 5*k**2 + 5*k - 8. Let b(v) = -4*h(v) + 3*q(v). Calculate b(g).
4
Let d(u) = -u - 2 + 2 - 2. Let l be d(-7). Let g(f) = 5*f - 4 + 6*f**2 - 2*f**3 + l*f**3 - 2*f**3. Determine g(-4).
8
Let l = -4 - -9. Suppose -2 + 7 = -l*s. Let f(h) = -6*h. Calculate f(s).
6
Let y = -9 + 14. Let z(x) = 2*x**3 + 0*x**3 - 3*x**3 - x + 1. Let i(q) = -5*q**3 + 5*q**2 - 5*q + 11. Let a(o) = i(o) - 4*z(o). Give a(y).
2
Let w(d) be the first derivative of -d**3/3 + d**2/2 - 3. Determine w(-3).
-12
Let l(z) = -3 + 1 + 26*z - 55*z + 27*z. What is l(4)?
-10
Let k(w) = 5*w + 3. Let y(u) = -4*u - 4. Let q(s) = 3*k(s) + 4*y(s). Give q(-8).
1
Let f(u) = u - 7. Let k be -2 + (12 + -1 - -1). Let m be f(k). Let x be 2*(-2 - m/6). Let p(j) = -j. Determine p(x).
5
Let h(q) be the second derivative of q**3 + q**2/2 - 6*q. Suppose 9*w - 4*w = -4*b - 13, -2*w = 2*b + 6. Determine h(w).
-5
Suppose -2*j = -4*c + 2, 6*c - 2*c - 8 = 0. Let w be 0 + -4*2/(-4). Let o(h) = 2 - 4 + h**w - 5*h + 2*h**3 - h**j. Determine o(-3).
-5
Let h(o) = 5*o + 2. Let z be h(-4). Let v be ((-2)/6)/(3/z). Let a(i) = -2 + 3*i**2 - 2*i**3 - 55*i + 55*i. Give a(v).
-6
Suppose -5*o + 35 = 5*w, 0 = -6*o + o - 5. Suppose -2 = -3*j - w. Let q(p) = 1 - 6*p**2 + 5*p**2 - 2*p - 4. What is q(j)?
-3
Let d(t) = 3*t**3 - 4*t**2 - 3*t - 9. Let q(j) = -16*j**3 + 20*j**2 + 15*j + 46. Let u(s) = -11*d(s) - 2*q(s). Give u(5).
-3
Let g(a) = a - 2. Let b(v) = v**3 + 2*v**2 - 2. Let o(y) = -5*y**3 - 11*y**2 - y + 11. Let x(c) = -11*b(c) - 2*o(c). Let h be x(2). Determine g(h).
-6
Let p(c) = -c - 1. Let h(d) be the first derivative of -d - 2. Let i = -2 - -5. Let j(k) = i*h(k) + p(k). Determine j(3).
-7
Suppose -p = -2*z + 1, 0 = z - 2*p - p - 3. Suppose t - 3 + 2 = z. Suppose -3*d = -5 - t. Let s(v) = -v**2 - 2*v + 3. Determine s(d).
-5
Let q = 6 - 6. Suppose -2*x + 21 = -q*x + 5*u, x = -u + 3. Let a(v) = -5*v - 2. Calculate a(x).
8
Let z = 35/4 + -26/3. Let o(u) be the second derivative of -u + 2*u**2 + u**3 + 0 + z*u**4. Calculate o(-4).
-4
Let l(u) = u - 9. Let w be l(12). Let p(y) = y**w - 11*y - 4*y**2 + 2*y + 3*y. Give p(5).
-5
Suppose 5*n = -2*r - 10, -15 = -3*r + 5*n - 5. Suppose -4*c + c - 6 = r. Let q(m) = m**2 + m - 1. Calculate q(c).
1
Let y(k) = k**3 - k - 5. Suppose 3*t + 1 = -5. Let i = -2 - t. Give y(i).
-5
Let c(r) = 2*r + 2. Let a be c(2). Suppose -a*l + l = -2*q + 14, 0 = -q - 2*l - 2. Let f(z) = z**2 + z**3 + z**2 + 3*z - 3 - 5*z**2. Calculate f(q).
-1
Let h(x) = 11*x**2 - 1. Let d = 12 - 11. Give h(d).
10
Let b(k) be the third derivative of k**4/24 + k**3/3 + 13*k**2. What is b(5)?
7
Let d(c) be the third derivative of -c**4/8 + c**2. Suppose 4*i - 4*g = -0*g - 4, 0 = 4*g - 4. Suppose -3*w + 5*w = -2*h, i = 3*h + 6. Give d(w).
-6
Suppose -3*w - 5 = -4*w. Suppose -2*d = 4*k + 2, -5*d = w*k - 3 + 18. Let j(y) = -y**3 - 4*y**2 + 3*y - 5. Give j(d).
5
Let l(b) be the first derivative of 5*b**2/2 - 6. What is l(-2)?
-10
Let r(j) be the second derivative of 0 + 1/6*j**3 - 7/2*j**2 + 2*j. Suppose -2*b + 33 = -5*u, 2*u - 10 = -5*b - 0. What is r(b)?
-3
Let r(z) be the third derivative of 0 + 0*z**4 + 4*z**2 + 0*z + 1/20*z**6 + 0*z**3 - 1/60*z**5. Give r(-1).
-7
Let l be 3*(-1 - (-40)/36). Let o(a) be the third derivative of l*a**3 + 2*a**2 - 1/8*a**4 + 0 + 0*a. What is o(3)?
-7
Let b(p) = -p**2 - 3*p + 4. Le